d 292.
4
Calculate the highest common divisor of 115 and 38180.
115
What is the highest common factor of 35 and 4172?
7
Calculate the highest common factor of 150 and 5550.
150
Calculate the greatest common factor of 110 and 66.
22
Calculate the highest common factor of 80 and 110.
10
Calculate the greatest common divisor of 20 and 940.
20
Calculate the highest common factor of 11 and 22.
11
What is the greatest common divisor of 252 and 84?
84
What is the highest common divisor of 16 and 3?
1
Calculate the highest common divisor of 9 and 7767.
9
Calculate the greatest common divisor of 9018 and 54.
54
What is the highest common divisor of 4389 and 42?
21
What is the highest common factor of 86 and 2?
2
What is the highest common factor of 116 and 29?
29
Calculate the highest common factor of 805 and 23.
23
Calculate the greatest common factor of 23 and 115.
23
Calculate the greatest common factor of 60 and 26380.
20
Calculate the greatest common factor of 11 and 2321.
11
Calculate the highest common factor of 312 and 1092.
156
Calculate the greatest common divisor of 6463 and 299.
23
Calculate the greatest common divisor of 26 and 78.
26
Calculate the greatest common factor of 1590 and 60.
30
What is the greatest common divisor of 20 and 290?
10
What is the highest common factor of 475 and 75?
25
Calculate the greatest common divisor of 22 and 209.
11
What is the greatest common factor of 8 and 344?
8
Calculate the greatest common divisor of 147 and 84.
21
Calculate the highest common factor of 58 and 9106.
58
What is the greatest common divisor of 52 and 32201?
13
Calculate the greatest common factor of 648 and 136.
8
What is the highest common divisor of 589 and 57?
19
What is the highest common factor of 1070 and 22898?
214
What is the greatest common factor of 20 and 30?
10
What is the highest common factor of 99 and 6039?
99
Calculate the greatest common divisor of 10112 and 790.
158
What is the highest common factor of 35 and 10?
5
What is the highest common divisor of 451 and 82?
41
What is the highest common divisor of 8 and 148?
4
Calculate the greatest common divisor of 3698 and 1376.
86
Calculate the highest common factor of 33 and 297.
33
Calculate the greatest common factor of 384 and 2592.
96
Calculate the highest common divisor of 100 and 3700.
100
What is the highest common factor of 1408 and 154?
22
What is the greatest common divisor of 66 and 1338?
6
Calculate the greatest common factor of 260 and 460.
20
Calculate the greatest common divisor of 14920 and 30.
10
What is the greatest common divisor of 588 and 12?
12
Calculate the greatest common divisor of 324 and 126.
18
What is the highest common factor of 350 and 600?
50
Calculate the highest common divisor of 291 and 3.
3
What is the highest common divisor of 296 and 24?
8
Calculate the highest common factor of 2 and 1.
1
Calculate the greatest common divisor of 432 and 351.
27
What is the highest common divisor of 54 and 540?
54
What is the highest common divisor of 61 and 4819?
61
Calculate the highest common divisor of 932 and 4.
4
What is the highest common factor of 84 and 399?
21
What is the greatest common factor of 25 and 16525?
25
Calculate the greatest common divisor of 105 and 385.
35
What is the greatest common divisor of 19 and 1045?
19
What is the greatest common divisor of 1309 and 77?
77
Calculate the greatest common divisor of 735 and 210.
105
Calculate the greatest common factor of 544 and 352.
32
What is the greatest common divisor of 304 and 28?
4
Calculate the greatest common divisor of 91 and 130.
13
What is the highest common factor of 60 and 444?
12
What is the greatest common divisor of 32 and 9?
1
What is the greatest common factor of 40 and 140?
20
What is the greatest common divisor of 32 and 1168?
16
Calculate the greatest common factor of 1118 and 52.
26
Calculate the highest common divisor of 104 and 156.
52
What is the highest common divisor of 102 and 30?
6
Calculate the highest common divisor of 3298 and 34.
34
What is the greatest common factor of 9 and 288?
9
Calculate the highest common divisor of 1773 and 108.
9
What is the highest common factor of 6707 and 38?
19
What is the greatest common factor of 41 and 369?
41
Calculate the greatest common factor of 4350 and 174.
174
What is the greatest common factor of 5900 and 236?
236
Calculate the highest common divisor of 117 and 104.
13
Calculate the greatest common divisor of 8 and 568.
8
Calculate the greatest common divisor of 224 and 56.
56
Calculate the highest common factor of 26 and 4.
2
What is the greatest common factor of 128 and 32?
32
What is the highest common factor of 315 and 1071?
63
Calculate the greatest common factor of 2184 and 112.
56
What is the highest common factor of 9171 and 36?
9
Calculate the greatest common factor of 66 and 66.
66
Calculate the highest common factor of 99 and 9.
9
Calculate the greatest common factor of 22 and 66.
22
What is the highest common factor of 1710 and 40?
10
Calculate the highest common divisor of 9 and 153.
9
What is the highest common divisor of 5542 and 2119?
163
Calculate the highest common divisor of 3978 and 351.
117
What is the greatest common divisor of 60 and 96?
12
Calculate the greatest common divisor of 119 and 153.
17
Calculate the greatest common factor of 118 and 6.
2
Calculate the highest common factor of 5296 and 96.
16
What is the highest common divisor of 4693 and 169?
13
Calculate the highest common divisor of 2664 and 56.
8
Calculate the greatest common factor of 3 and 496.
1
What is the highest common factor of 53 and 371?
53
What is the greatest common divisor of 76 and 14972?
76
What is the greatest common factor of 22 and 121?
11
What is the greatest common divisor of 2080 and 80?
80
What is the highest common factor of 324 and 168?
12
What is the highest common divisor of 159 and 3?
3
What is the greatest common factor of 10 and 195?
5
What is the greatest common divisor of 4023 and 243?
27
Calculate the greatest common divisor of 241 and 9640.
241
Calculate the greatest common factor of 429 and 396.
33
What is the greatest common factor of 763 and 49?
7
Calculate the highest common divisor of 4186 and 1127.
161
Calculate the highest common divisor of 159 and 87.
3
Calculate the greatest common factor of 130 and 247.
13
What is the greatest common divisor of 1098 and 1342?
122
Calculate the greatest common divisor of 15 and 1280.
5
Calculate the highest common factor of 6 and 1552.
2
What is the greatest common factor of 77 and 121?
11
Calculate the greatest common divisor of 11 and 891.
11
What is the highest common factor of 234 and 35334?
234
Calculate the greatest common factor of 704 and 22.
22
Calculate the highest common factor of 13 and 13689.
13
Calculate the greatest common divisor of 178 and 9701.
89
What is the greatest common divisor of 320 and 1984?
64
Calculate the greatest common divisor of 33 and 3696.
33
Calculate the highest common factor of 18 and 84.
6
What is the greatest common divisor of 14 and 322?
14
What is the greatest common divisor of 247 and 975?
13
Calculate the highest common divisor of 3765 and 165.
15
Calculate the greatest common divisor of 216 and 456.
24
Calculate the greatest common divisor of 2915 and 106.
53
What is the highest common factor of 65 and 845?
65
Calculate the highest common divisor of 32 and 1376.
32
Calculate the highest common divisor of 64 and 200.
8
Calculate the highest common factor of 265 and 5.
5
Calculate the highest common factor of 1260 and 300.
60
What is the highest common divisor of 216 and 351?
27
Calculate the highest common factor of 517 and 47.
47
Calculate the greatest common divisor of 8 and 2016.
8
What is the greatest common factor of 210 and 3045?
105
Calculate the highest common divisor of 5 and 35.
5
Calculate the highest common divisor of 35 and 2443.
7
What is the highest common divisor of 116 and 1247?
29
What is the highest common divisor of 340 and 17?
17
Calculate the greatest common factor of 693 and 126.
63
What is the highest common divisor of 81 and 2943?
27
What is the highest common divisor of 3577 and 219?
73
What is the highest common divisor of 4 and 124?
4
Calculate the greatest common factor of 600 and 730